 3, what is -2220 + -112012000022?
-112012010012
In base 3, what is -101011211220000 + -2?
-101011211220002
In base 7, what is 2 + 1130555153?
1130555155
In base 14, what is -9 + 2bb23?
2bb18
In base 9, what is 6 - 83575547?
-83575541
In base 5, what is -3331 - -140040?
131204
In base 7, what is -2 - -3345360323?
3345360321
In base 14, what is -597aa5c - 4?
-597aa62
In base 5, what is 12424001 + -143?
12423303
In base 8, what is 31771024 - 13?
31771011
In base 7, what is -3 - 106661211?
-106661214
In base 11, what is 4 - 8673760?
-8673757
In base 6, what is 1 - -30332525?
30332530
In base 10, what is 5 + 431843?
431848
In base 6, what is -154400035 - -145?
-154355450
In base 16, what is -31d337 + 31?
-31d306
In base 5, what is 10 + -2131103330?
-2131103320
In base 5, what is 4014233 - -3104?
4022342
In base 9, what is 0 + -310874435?
-310874435
In base 12, what is -9428a + -32?
-94300
In base 10, what is -1114 - -2631?
1517
In base 9, what is -3 + 22441056?
22441053
In base 8, what is 203245711 + -3?
203245706
In base 4, what is 1 + -1010303102322?
-1010303102321
In base 10, what is 342 - -24890?
25232
In base 2, what is 0 - -1010011011001010000010100?
1010011011001010000010100
In base 15, what is 3 + bc2cde?
bc2ce2
In base 13, what is 3b8784 + -6?
3b877b
In base 14, what is -2205726 - -c?
-2205718
In base 14, what is -a540 - 69?
-a5a9
In base 11, what is -10 + 57851?
57841
In base 12, what is 1164202b - -16?
11642045
In base 2, what is 111000 + -1010000111111000000?
-1010000111110001000
In base 16, what is -116cac + 58?
-116c54
In base 5, what is -10131 + 244004?
233323
In base 5, what is 1012 + -2014130?
-2013113
In base 9, what is -84 + 73834?
73740
In base 11, what is 5 + -14437341?
-14437337
In base 5, what is -14201102 - 1020?
-14202122
In base 6, what is 5132 + 1304331?
1313503
In base 2, what is -11111111100010000 - -1001?
-11111111100000111
In base 9, what is 0 - -206348706?
206348706
In base 14, what is 541d0d2 - 2?
541d0d0
In base 9, what is 2684 - 127032?
-124237
In base 6, what is 1 - -452042?
452043
In base 15, what is -1eb + -1a84b?
-1aa47
In base 10, what is -42760 - -1596?
-41164
In base 7, what is -32011 + 630545?
565534
In base 2, what is -1 - -101011111000100101010011010?
101011111000100101010011001
In base 4, what is 33222230312 + -102?
33222230210
In base 7, what is -31 - -352265?
352234
In base 13, what is -1c - 5a1?
-5c0
In base 16, what is 3ec5 - 6b?
3e5a
In base 7, what is -612341 - 53?
-612424
In base 15, what is -46c55d3 - -1?
-46c55d2
In base 9, what is -131133821 + -3?
-131133824
In base 4, what is 31 + -11332313310003?
-11332313303312
In base 3, what is 121 - -11202000021110121?
11202000021111012
In base 5, what is -1 - -40221312332?
40221312331
In base 4, what is -12 - -302201101?
302201023
In base 14, what is 471ab + db?
472a8
In base 14, what is -45 + 634dd2?
634d8b
In base 16, what is -ed5bd0 + 7?
-ed5bc9
In base 5, what is -142 + 1230023412?
1230023220
In base 6, what is -521032 - -43?
-520545
In base 8, what is 3 + -56442703?
-56442700
In base 14, what is -7 + 48c2ad?
48c2a6
In base 11, what is 1a00540 - -3?
1a00543
In base 2, what is -101 + 10111001110111011100111?
10111001110111011100010
In base 13, what is -702107b - 2?
-7021080
In base 16, what is 5 + ba1edb?
ba1ee0
In base 12, what is 8339 - 3b?
82ba
In base 14, what is 124 - a187?
-a063
In base 16, what is 1 + -90adc29?
-90adc28
In base 13, what is 7 + -4582c13?
-4582c09
In base 10, what is -11 - -4459197?
4459186
In base 2, what is 101 - 1010001010111000111111100?
-1010001010111000111110111
In base 8, what is 357532 - 374?
357136
In base 13, what is 1 - -12c18c40?
12c18c41
In base 12, what is -b91628 - 4a?
-b91676
In base 16, what is 9 - -85602?
8560b
In base 3, what is 110210002020 - -10221?
110210020011
In base 9, what is -11710850 + -2?
-11710852
In base 14, what is 121aaab - -83?
121ab50
In base 16, what is 38 + 21bc4?
21bfc
In base 2, what is 0 - -1011000010111100010101010111?
1011000010111100010101010111
In base 8, what is 157 + -25670?
-25511
In base 10, what is -1 + 364503591?
364503590
In base 5, what is -32 - -10303111?
10303024
In base 6, what is -1211 + -405300?
-410511
In base 10, what is 104583217 + 5?
104583222
In base 15, what is -22bd9 - -13?
-22bc6
In base 16, what is -2e42d2 + 1a3?
-2e412f
In base 8, what is -2 - -1074466224?
1074466222
In base 3, what is -120201 + -220000212?
-220121120
In base 4, what is -102 + -2211101302?
-2211102010
In base 12, what is -686001 + -16?
-686017
In base 10, what is 5 + -93636362?
-93636357
In base 4, what is -1 + -1102023031?
-1102023032
In base 10, what is 2308799 - 6?
2308793
In base 5, what is -4103202004 - -1?
-4103202003
In base 10, what is -621105 - 12?
-621117
In base 12, what is -4 - 220056?
-22005a
In base 2, what is 1111011000101111100 + 10010?
1111011000110001110
In base 11, what is 15629 + 103?
15731
In base 8, what is 27170412 - -104?
27170516
In base 6, what is -224 - -21023315?
21023051
In base 16, what is -f38 - -146e?
536
In base 10, what is -57 - 127639?
-127696
In base 15, what is -39cda9 + 85?
-39cd24
In base 15, what is -80b54 - -65?
-80ade
In base 13, what is -1bca - 12b?
-2028
In base 7, what is 3122422 - 4?
3122415
In base 5, what is -101240110 + 103?
-101240002
In base 13, what is 398c - 0?
398c
In base 7, what is 111 + -213261624?
-213261513
In base 12, what is 3a77758 - 0?
3a77758
In base 10, what is -759 - -6716?
5957
In base 7, what is 2 + -434210222?
-434210220
In base 11, what is -5 + 3345185a?
33451855
In base 2, what is 1110 - 100100000010101001001001?
-100100000010101000111011
In base 8, what is 13 - 5113133?
-5113120
In base 2, what is -1111101101010 - -100100011111100001?
100010100001110111
In base 3, what is -1022021202100 + -2?
-1022021202102
In base 16, what is -39c61aa + c?
-39c619e
In base 9, what is 4 + 6884214?
6884218
In base 13, what is -50751 + 998?
-4ca86
In base 8, what is 750357 - 5522?
742635
In base 7, what is -5 + 30505332?
30505324
In base 11, what is 42 + 987aa3?
988035
In base 11, what is 261 - 776820?
-77656a
In base 6, what is -20012242333 - -4?
-20012242325
In base 14, what is 8063 + 4a0?
8523
In base 8, what is -15745 - 14363?
-32330
In base 13, what is 486c406 - 0?
486c406
In base 11, what is -13 + -1606195?
-16061a8
In base 12, what is 12 + 758531?
758543
In base 15, what is bde9 - a0?
bd49
In base 13, what is 728 + 35894?
362bc
In base 9, what is -23 - 10683316?
-10683340
In base 15, what is -4 + dd9c7?
dd9c3
In base 6, what is -31 - -1220001?
1215530
In base 3, what is -1 - -2020021220101?
2020021220100
In base 14, what is 3759c + c6?
37684
In base 8, what is 0 + -12556514?
-12556514
In base 11, what is -1533514994 + -4?
-1533514998
In base 13, what is -2 - -218016a?
2180168
In base 9, what is -5 + 175670?
175664
In base 2, what is -111001000000110010000010 - -11110?
-111001000000110001100100
In base 15, what is -d6e - 90?
-e0e
In base 8, what is 1 - -27250710?
27250711
In base 16, what is 3cfe44f - -a?
3cfe459
In base 5, what is -42020200012 + 42?
-42020144420
In base 2, what is 100101 + 10111001000011000?
10111001000111101
In base 10, what is 1362385 + 8?
1362393
In base 12, what is -554b8b - -1?
-554b8a
In base 4, what is -1310 + 222302101?
222300131
In base 14, what is -10 + -18d708?
-18d718
In base 7, what is 0 - 3654312311?
-3654312311
In base 6, what is 52114553 + -1?
52114552
In base 16, what is 180d + cee8?
e6f5
In base 11, what is -59 - -169870?
169812
In base 7, what is 5210514421 - 4?
5210514414
In base 2, what is 1110110010111111000 - 110?
1110110010111110010
In base 8, what is -673 + -145006?
-145701
In base 16, what is 398f - 503?
348c
In base 4, what is 13 - 12131121230?
-12131121211
In base 14, what is 701 - 918?
-217
In base 3, what is 1022210 + -221021121?
-212221211
In base 5, what is -32 + -32244401?
-32244433
In base 13, what is 29 + -2b843b?
-2b8412
In base 8, what is 47245 + -20400?
26645
In base 12, what is 176 - 538747?
-538591
In base 16, what is 1b5e7fd - -1?
1b5e7fe
In base 6, what is -211402 - -10354?
-201004
In base 2, what is -111011010101011 + 10001001110000?
-101010000111011
In base 3, what is 1002221022220001101 - -2?
1002221022220001110
In base 14, what is 5 - -4a7d39?
4a7d40
In base 5, what is 